 = 3*a - 18. Let g(z) = -z**3 - 3*z**2 + 30*z + 24. What is g(w)?
10
Let n(t) = 7330*t - 2444*t - 2443*t - 2448*t - 102. What is n(-19)?
-7
Let a = -35 + 163. Let f = a - 182. Let z = f - -57. Let q(c) = -3*c + 2. Give q(z).
-7
Let r be 24/16*(-1 - 1)*2. Let i(a) = a**3 + 10*a**2 + 9*a - 5. Give i(r).
85
Let o(n) = 2*n**2 - 525*n - 29. Let b(g) = -3*g**2 + 921*g + 59. Let s(w) = -4*b(w) - 7*o(w). Give s(-5).
-38
Let i(u) = 7*u**2 - 15*u - 11. Let y be (-1 + 5 + (-5)/1)*4. Let b(g) = 3*g**2 - 6*g - 5. Let m(a) = y*i(a) + 9*b(a). Let s = 5 - -2. Give m(s).
-8
Let l(t) be the second derivative of -t**3/3 + 36*t**2 - 6*t + 57. Give l(30).
12
Let n(b) = b**3 + b**2 + b + 42. Let i(v) = 92*v - 230. Let s(l) = 3*l - 1. Let d(j) = -i(j) + 23*s(j). Let z be d(9). Give n(z).
42
Suppose -13*a + 23*a + 10 = 0. Let t(o) be the second derivative of o**7/420 - o**3/6 + o. Let w(h) be the second derivative of t(h). Calculate w(a).
-2
Suppose 0 = -12*w + 15944 - 3596. Let q(l) = l**3 - 1 - 1038*l**2 + 0*l**3 + w*l**2. Calculate q(9).
-1
Let o(p) = p**2 - 8*p + 10. Let t(u) = u + 2. Let d = 50 + -41. Let g be 3/d*(-54)/(-3). Let n be t(g). What is o(n)?
10
Let r(n) = n**2 - 11*n + 44. Let d be 6 + (-76)/13 + (250/65 - -3). Give r(d).
16
Let f(y) be the first derivative of 13 + 11*y**2 + y - 47 + 4*y**2 + 10 - 35. What is f(1)?
31
Suppose -3*f = -i + 38, -5*i + 469*f - 464*f + 100 = 0. Let n(z) = 8*z - 29. What is n(i)?
59
Let p = 30106 + -30104. Let c(v) be the second derivative of 29*v + 0 - 3/2*v**p + 1/6*v**3. What is c(3)?
0
Let t(o) = 7*o**2 + 8*o + 22. Let b(n) = -15*n**2 - 15*n - 48. Let h(c) = -6*b(c) - 13*t(c). What is h(-14)?
2
Let d(p) = 385*p + 3. Let x be d(0). Let u(w) = w**3 - 5*w**2 + 5*w + 1. Calculate u(x).
-2
Let m(h) = -h**2 - 128*h - 7. Let q(s) = -s**2 - 68*s + 1. Let x(a) = -m(a) + 2*q(a). Let r be 5 + -4 - 3*3. What is x(r)?
9
Let k(b) = -b**3 + b**2 + 2. Suppose -15 = 5*r, 0 = 3*y + 25*r + 9 + 66. Give k(y).
2
Let x(f) = f**3 + 2*f**2 - 4*f - 6. Let g = -453 - -454. Let l be 309/(-515)*5*(0 + g). Give x(l).
-3
Let p be (846/1551)/((-2)/(-22)). Let h(z) = -z**3 + 6*z**2 + 5. What is h(p)?
5
Let h(x) = 553*x**2 + 0*x + 5*x - 2*x - 550*x**2 - x. Let t = 11 + -6. Suppose -4*p = -2*d + 2, -4*d + t = -5*p - d. Determine h(p).
16
Let x(r) = 2*r - 57. Suppose 0 = -m - w + 17, -7*m - 66*w + 99 = -69*w. Determine x(m).
-27
Let y(b) = -b**3 + 28*b**2 - 15*b - 317. Let c be 51 + (8 - -5 - 37). Determine y(c).
7
Let j be ((-6)/5)/(-3)*25. Suppose 3*l + 8 + 19 = 4*q, 0 = -2*l - 10. Let o(c) = c + q*c + 12 - 5*c + 0*c + 0*c. Give o(j).
2
Let x(p) = p - 15. Let i(q) = -q**3 - 7*q**2 - 19*q - 1. Let r be i(-4). What is x(r)?
12
Let p(t) = 3*t**2 + 2. Let h(b) = -3*b**2 - 5 + 3 + 2 - 2. Let z(y) = -4*h(y) - 3*p(y). Determine z(-2).
14
Let s be 0/2*6/(-12). Let m(j) = 3*j**3 - 3*j**2 - j + 3. Let i be m(2). Let z(y) = -i*y - 14*y + 45*y - 5 - 17*y. What is z(s)?
-5
Let x(u) = 7*u + 1. Suppose -5 - 10 = -3*j. Suppose 5*i - 3 = 2*p + 4, j*p = 2*i + 14. Suppose d - 3*n = 13 + p, -4*n = 5*d + 10. Calculate x(d).
15
Let t(r) be the first derivative of -r**4/4 - 3*r**3 + 7*r**2/2 + 60*r + 3299. What is t(-9)?
-3
Let p(w) = -19*w - 22. Let z(k) = k**2 - 18*k - 18. Let b(h) = -3*p(h) + 4*z(h). Let f(y) = -3*y**2 + 13*y + 6. Let u(x) = -4*b(x) - 5*f(x). Give u(-4).
-2
Let r(m) be the first derivative of -m**4/4 - 3*m**3 + m**2 + 4*m - 2. Let p be (102 - 100)/(4/(-18)). What is r(p)?
-14
Let p(a) = -a**3 + 6*a**2 + 7*a - 57. Let l be p(4). Let b(y) = y**2 - y - 4. Give b(l).
2
Suppose 568*j - 563*j - 105 = 0. Let k be 4/6*j/(-14) + -1. Let o(q) = -q**3 - 1. What is o(k)?
7
Let w = 9 + -20. Let q = w + 6. Let m(u) = -13*u**2 + 6 - 3*u + 5*u**2 - 4*u**2 + 24*u**2 - 13*u**2. Give m(q).
-4
Let q(u) = u**2 + 1956*u - 984*u - 966*u. What is q(-7)?
7
Let o(u) be the first derivative of -2*u**3 - 48*u**2 + 11*u - 5503. Determine o(-16).
11
Let v(g) = -7 - 5*g**2 - 6 - 2*g**2 + 6*g**2. Suppose 22*c = 11*c + 14*c. What is v(c)?
-13
Let z = 28 - 25. Let n(i) = -1 + z + 4*i - 2 - 7 - 2. What is n(3)?
3
Let w(v) = -16*v**2 - 2*v - 47. Suppose 5*l + 67 - 52 = 0. Let p(j) = -7*j**2 - j - 24. Let s(d) = l*w(d) + 7*p(d). Determine s(0).
-27
Let w(a) = -a**3 + 5. Suppose 4 = x + 232*r - 231*r, 0 = -4*x + 4*r. Suppose -y - 5*k = 7, -2*y + 8 = -k - 0*k. Suppose 4*n - y*n = x*n. Give w(n).
5
Let i(h) be the second derivative of -h**4/3 + 3*h**2/2 - 7*h - 1. Let f be i(0). Let z(l) = -l**2 + 3*l + 2. Give z(f).
2
Let q(s) = s**3 - 7*s**2 + 11*s + 5. Let r be ((-320)/(-5))/8 + -6. Let y be r/10*(53 - 33). What is q(y)?
1
Let j be (10 - 13)*10/(-6). Suppose 89 = 3*b + j*d, b - 2*d - 3*d = 63. Let w = b + -36. Let r(g) = g**3 - 2*g**2 + g. What is r(w)?
2
Suppose 16*b = 17*b - 2. Let q(i) = -13*i**2 - 9*i**2 + 23*i**2 - 2*i**b - 16 - 11*i. What is q(-12)?
-28
Let t(f) be the first derivative of -1/3*f**3 + 16 - 4*f + f**2. Give t(4).
-12
Let t(i) = 4*i. Let k = 2361 + -2358. Let d = -17 - -45. Suppose 19 - d = -k*f. What is t(f)?
12
Let g(n) = -48*n**3 + n**2 + 7*n + 1. Let s(v) = -44*v**3 + 5*v + 1. Let h(y) = -3*g(y) + 4*s(y). What is h(-1)?
31
Let z = -10 - -4. Let m(b) = 3*b**3 + 109*b**2 + b + 11. Let d(s) = 13*s**3 + 487*s**2 + 2*s + 46. Let r(h) = 2*d(h) - 9*m(h). What is r(z)?
-13
Let x(q) be the second derivative of -7*q**5/5 + 2*q**3/3 - 3*q**2/2 - 851*q + 1. What is x(1)?
-27
Let s(d) = d**3 - 8*d**2 + 3*d + 3. Let h be s(4). Let g be (-14)/h - (-3 - 60/(-14)). Let b(o) = 1 + 0*o + 6*o**2 - 3*o**2 + 8*o**3 - 4*o**2 + o. What is b(g)?
-9
Suppose -3*y = 3*r - 0*y, 0 = -17*r + y + 36. Let v(h) be the first derivative of -6 + h - 15/2*h**r. Determine v(-1).
16
Let b(t) be the second derivative of t**5/20 - t**4/12 + 30*t**2 - 90*t - 10. Determine b(0).
60
Let j be 22 + -16 + 1*3. Suppose -j*s + 4 = -23. Let x(t) = -6*t + 10. Give x(s).
-8
Suppose 48 - 13 = 7*v. Suppose 3*b + 5 - 20 = -3*p, -p = v*b - 13. Let n(x) = -x**2 + 2*x - 3. What is n(b)?
-3
Let g(t) = -6*t + 3. Suppose -8 - 152 = -2*m. Suppose -a - 2*u + 25 = 0, 0 = -4*a - u + 3*u + m. Suppose -5*d + a = 2*d. Calculate g(d).
-15
Suppose 56 - 11 = -5*i. Let l(h) be the second derivative of -h**3/3 - 15*h**2/2 - 1261*h. What is l(i)?
3
Let t be (-3)/(-1 + (-6)/(-24)) - 2. Let n(z) = 20*z - 95*z**2 - z**3 + 87*z**t - 29*z - 3. What is n(-6)?
-21
Let r(m) = -m + 2. Suppose 16 = -7*l + 37. Suppose -2*b + 26 = -2*q, l*q + 41 + 2 = 5*b. What is r(q)?
13
Suppose -14901 + 14859 = -14*d. Let i(b) = -4*b**2 - 4 + 2*b**2 + 3*b**2 + 5*b. What is i(d)?
20
Let m be 2/9 + (-650)/90. Let u(s) be the second derivative of -s**3/6 - s**2/2 + 10*s + 136. Calculate u(m).
6
Let g(t) = 5*t - 52 + 7*t + 24 - 17*t - 195. Give g(-45).
2
Let d(l) be the first derivative of l**4/4 + l**2/2 - l + 2. Suppose y + 26 = 4*k, -k = -4*k - y + 16. Let u(v) = -10*v + 60. Let b be u(k). What is d(b)?
-1
Let b(w) = w**2 - 7*w - 13. Let u be 105/(-540)*6 + (-10)/12. Suppose -3*k + 3*h - 33 = 0, h = 1 + 1. Let o be k/(5/(u + -3)). What is b(o)?
5
Let s(c) = -24*c + 390. Let u(d) = 23*d - 388. Let k(g) = 6*s(g) + 5*u(g). What is k(14)?
-6
Let s(h) = -h**2 - 39*h + 128. Let y be s(3). Let z(j) be the first derivative of -1/4*j**4 + 7/2*j**y + 0*j - 2*j**3 - 13. Calculate z(-7).
0
Let w(v) = 4*v + v**2 + 1 + 4 - 2 + 449257*v**3 - 449282*v**3. Calculate w(-1).
25
Let p(m) be the second derivative of m**4/12 + 3*m**3 + 24*m**2 - 12*m - 97. What is p(-15)?
3
Let l(g) = 10*g - 40. Let p(k) = k - 13. Let a(t) = -l(t) + 5*p(t). What is a(-7)?
10
Let j be (-5185)/(-61)*1/(-5). Let w(s) = 7*s + 154. Determine w(j).
35
Suppose 5*s + 5*h = 30, -6*h = s - h - 22. Suppose -s*x + j = 0, -3*x + j - 1 = -3. Let b(o) = 6 - o**x - 2 + 0*o**2 + 0*o + 5*o. What is b(7)?
-10
Let x(i) = i**3 + i**2 - 6*i - 4. Let p be 9*2*1/(-3) + 21. Suppose p*s + 93 = 33. What is x(s)?
-28
Let s(x) = -x**2 + 22*x + 138. Let m = 15562 - 15567. Determine s(m).
3
Let v(j) = 3*j**3 + 13*j**2 + 2*j - 6. Let o be v(-4). Let n(d) = d - d**2 - d**2 - 7 + 3 + d**o. Determine n(0).
-4
Let w(r) = r**3 - 5*r**2 - 7. Let m be (1 - 2)/(3/(-3)). Let d = m - -21. Let k be -1 - (d - 13)*4/(-6). Determine w(k).
-7
Let u be (-25 - -36)*(10/(-4 - -6) + -6). Let g(b) = b**3 + 9*b**2 - 24*b - 4. Give g(u).
18
Let a = -41